{"id":1244,"date":"2019-02-12T17:35:47","date_gmt":"2019-02-12T16:35:47","guid":{"rendered":"https:\/\/tapbcn.com\/qui-som\/"},"modified":"2021-10-29T10:41:50","modified_gmt":"2021-10-29T08:41:50","slug":"quienes-somos","status":"publish","type":"page","link":"https:\/\/tapbcn.com\/es\/quienes-somos\/","title":{"rendered":"QUIENES SOMOS"},"content":{"rendered":"\n<p><strong>La asociaci\u00f3n Tot pel Claqu\u00e9<\/strong>\u00a0es una entidad sin \u00e1nimo de lucro, constituida en el a\u00f1o 1999 por iniciativa del bailar\u00edn Guillem Alonso y la abogada Maribel Pascual en colaboraci\u00f3n con un grupo de bailarines -Roser Font, Jep Mel\u00e9ndez y Laia Molins-.&#13;\n&#13;\nEsta asociaci\u00f3n se creo para adquirir personalidad jur\u00eddica a fin de realizar actividades culturales y servir de plataforma para todos los bailarines. Las actividades de la Asociaci\u00f3n est\u00e1n reguladas por la ley\u00a0 7\/1997, del 18 de junio, de asociaciones (DOG 2423, del 1 de julio) y sus estatutos.<\/p>\n\n<p>Los fines de la asociaci\u00f3n, tal y como establecen sus estatutos son: Divulgaci\u00f3n de las artes esc\u00e9nicas, sobretodo las relacionadas con el claqu\u00e9 (queda excluido todo fin lucrativo).<\/p>\n\n<p>Es una entidad que pretende impulsar el claqu\u00e9 realizando actividades relacionadas con esta modalidad de danza; ya sea organizando clases o cursillos, organizando o promoviendo actuaciones, y sobretodo ayudando a agrupar y a defender los intereses de todos los bailarines de claqu\u00e9 de nuestro pa\u00eds.<\/p>\n\n<hr class=\"wp-block-separator\"\/>\n\n<h4 class=\"wp-block-heading\">Actualmente componen la Junta Directiva:<\/h4>\n\n<ul class=\"wp-block-list\"><li>Presidenta \/ Alba Galimany Sanrom\u00e0<\/li><li>Secretaria \/ Gisela Noguero Gelm\u00e0<\/li><li>Tresorero \/ Pau Camps Pujol<\/li><\/ul>\n<p><\/p>\n","protected":false},"excerpt":{"rendered":"<p>La asociaci\u00f3n Tot pel Claqu\u00e9\u00a0es una entidad sin \u00e1nimo de lucro, constituida en el a\u00f1o 1999 por iniciativa del bailar\u00edn Guillem Alonso y la abogada Maribel Pascual en colaboraci\u00f3n con un grupo de bailarines -Roser Font, Jep Mel\u00e9ndez y Laia Molins-.&#13; &#13; Esta asociaci\u00f3n se creo para adquirir personalidad jur\u00eddica a fin de realizar actividades [&hellip;]<\/p>\n","protected":false},"author":1,"featured_media":0,"parent":0,"menu_order":0,"comment_status":"closed","ping_status":"closed","template":"","meta":{"_coblocks_attr":"","_coblocks_dimensions":"","_coblocks_responsive_height":"","_coblocks_accordion_ie_support":"","_genesis_hide_title":false,"_genesis_hide_breadcrumbs":false,"_genesis_hide_singular_image":false,"_genesis_hide_footer_widgets":false,"_genesis_custom_body_class":"","_genesis_custom_post_class":"","_genesis_layout":"","footnotes":""},"class_list":{"0":"post-1244","1":"page","2":"type-page","3":"status-publish","5":"entry"},"_links":{"self":[{"href":"https:\/\/tapbcn.com\/es\/wp-json\/wp\/v2\/pages\/1244","targetHints":{"allow":["GET"]}}],"collection":[{"href":"https:\/\/tapbcn.com\/es\/wp-json\/wp\/v2\/pages"}],"about":[{"href":"https:\/\/tapbcn.com\/es\/wp-json\/wp\/v2\/types\/page"}],"author":[{"embeddable":true,"href":"https:\/\/tapbcn.com\/es\/wp-json\/wp\/v2\/users\/1"}],"replies":[{"embeddable":true,"href":"https:\/\/tapbcn.com\/es\/wp-json\/wp\/v2\/comments?post=1244"}],"version-history":[{"count":5,"href":"https:\/\/tapbcn.com\/es\/wp-json\/wp\/v2\/pages\/1244\/revisions"}],"predecessor-version":[{"id":1986,"href":"https:\/\/tapbcn.com\/es\/wp-json\/wp\/v2\/pages\/1244\/revisions\/1986"}],"wp:attachment":[{"href":"https:\/\/tapbcn.com\/es\/wp-json\/wp\/v2\/media?parent=1244"}],"curies":[{"name":"wp","href":"https:\/\/api.w.org\/{rel}","templated":true}]}}

<p><strong>La asociación Tot pel Claqué</strong> es una entidad sin ánimo de lucro, constituida en el año 1999 por iniciativa del bailarín Guillem Alonso y la abogada Maribel Pascual en colaboración con un grupo de bailarines -Roser Font, Jep Meléndez y Laia Molins-.&#13;
&#13;
Esta asociación se creo para adquirir personalidad jurídica a fin de realizar actividades culturales y servir de plataforma para todos los bailarines. Las actividades de la Asociación están reguladas por la ley  7/1997, del 18 de junio, de asociaciones (DOG 2423, del 1 de julio) y sus estatutos.</p>

<p>Los fines de la asociación, tal y como establecen sus estatutos son: Divulgación de las artes escénicas, sobretodo las relacionadas con el claqué (queda excluido todo fin lucrativo).</p>

<p>Es una entidad que pretende impulsar el claqué realizando actividades relacionadas con esta modalidad de danza; ya sea organizando clases o cursillos, organizando o promoviendo actuaciones, y sobretodo ayudando a agrupar y a defender los intereses de todos los bailarines de claqué de nuestro país.</p>

<hr class="wp-block-separator"/>

<h4 class="wp-block-heading">Actualmente componen la Junta Directiva:</h4>

<ul class="wp-block-list"><li>Presidenta / Alba Galimany Sanromà</li><li>Secretaria / Gisela Noguero Gelmà</li><li>Tresorero / Pau Camps Pujol</li></ul>
<p></p>

<p>La asociación Tot pel Claqué es una entidad sin ánimo de lucro, constituida en el año 1999 por iniciativa del bailarín Guillem Alonso y la abogada Maribel Pascual en colaboración con un grupo de bailarines -Roser Font, Jep Meléndez y Laia Molins-.&#13; &#13; Esta asociación se creo para adquirir personalidad jurídica a fin de realizar actividades [&hellip;]</p>
